{"id":10,"date":"2019-02-24T23:28:41","date_gmt":"2019-02-24T23:28:41","guid":{"rendered":"http:\/\/akademie-myofasziale-medizin.de\/?page_id=10"},"modified":"2021-05-17T08:48:16","modified_gmt":"2021-05-17T08:48:16","slug":"home","status":"publish","type":"page","link":"http:\/\/www.akademie-myofasziale-medizin.de\/","title":{"rendered":"\u00dcber uns"},"content":{"rendered":"\n<p>Die Akademie f\u00fcr Myofasziale Medizin ist ein Institut, das Fortbildungen im medizinischen Bereich veranstaltet.<\/p>\n\n\n\n<p>Im Zentrum des Interesses steht das muskulo-skelettale\nSystem einschlie\u00dflich aller bindegewebigen und faszialen Strukturen. <\/p>\n\n\n\n<p>Hieraus ergibt sich ein interdisziplin\u00e4rer Ansatz, der\npraktisch alle medizinischen Fachrichtungen einschlie\u00dft.<\/p>\n\n\n\n<p>Seit knapp zwanzig Jahren, sind wir in unterschiedlichen\nKonstellationen (Kongresse, Fachverb\u00e4nde, Fortbildungsveranstaltungen), &nbsp;Vorreiter in der Verbreitung der myofaszialen\nTriggerpunkttherapie. <\/p>\n\n\n\n<p>Wir wollen nationalen und internationalen Wissenschaftlern und Medizinern ein Forum bieten, um ihr Wissen in Fortbildungsveranstaltungen weiter zu geben und \u00c4rztinnen und \u00c4rzten die M\u00f6glichkeit ihr therapeutischen Spektrum zu erweitern.&nbsp; <\/p>\n","protected":false},"excerpt":{"rendered":"<p>Die Akademie f\u00fcr Myofasziale Medizin ist ein Institut, das Fortbildungen im medizinischen Bereich veranstaltet. Im Zentrum des Interesses steht das muskulo-skelettale System einschlie\u00dflich aller bindegewebigen und faszialen Strukturen. Hieraus ergibt sich ein interdisziplin\u00e4rer Ansatz, der praktisch alle medizinischen Fachrichtungen einschlie\u00dft. Seit knapp zwanzig Jahren, sind wir in unterschiedlichen Konstellationen (Kongresse, Fachverb\u00e4nde, Fortbildungsveranstaltungen), &nbsp;Vorreiter in der &hellip; <\/p>\n<p class=\"link-more\"><a href=\"http:\/\/www.akademie-myofasziale-medizin.de\/\" class=\"more-link\"><span class=\"screen-reader-text\">\u201e\u00dcber uns\u201c<\/span> weiterlesen<\/a><\/p>\n","protected":false},"author":1,"featured_media":0,"parent":0,"menu_order":0,"comment_status":"closed","ping_status":"closed","template":"","meta":{"footnotes":""},"class_list":["post-10","page","type-page","status-publish","hentry"],"yoast_head":"<!-- This site is optimized with the Yoast SEO plugin v23.7 - https:\/\/yoast.com\/wordpress\/plugins\/seo\/ -->\n<title>\u00dcber uns - Akademie f\u00fcr Myofasziale Medizin<\/title>\n<meta name=\"description\" content=\"Akademie f\u00fcr Myofasziale Medizin %\" \/>\n<meta name=\"robots\" content=\"index, follow, max-snippet:-1, max-image-preview:large, max-video-preview:-1\" \/>\n<link rel=\"canonical\" href=\"http:\/\/www.akademie-myofasziale-medizin.de\/\" \/>\n<meta property=\"og:locale\" content=\"de_DE\" \/>\n<meta property=\"og:type\" content=\"article\" \/>\n<meta property=\"og:title\" content=\"\u00dcber uns - Akademie f\u00fcr Myofasziale Medizin\" \/>\n<meta property=\"og:description\" content=\"Akademie f\u00fcr Myofasziale Medizin %\" \/>\n<meta property=\"og:url\" content=\"http:\/\/www.akademie-myofasziale-medizin.de\/\" \/>\n<meta property=\"og:site_name\" content=\"Akademie f\u00fcr Myofasziale Medizin\" \/>\n<meta property=\"article:modified_time\" content=\"2021-05-17T08:48:16+00:00\" \/>\n<meta name=\"twitter:card\" content=\"summary_large_image\" \/>\n<script type=\"application\/ld+json\" class=\"yoast-schema-graph\">{\"@context\":\"https:\/\/schema.org\",\"@graph\":[{\"@type\":\"WebPage\",\"@id\":\"http:\/\/www.akademie-myofasziale-medizin.de\/\",\"url\":\"http:\/\/www.akademie-myofasziale-medizin.de\/\",\"name\":\"\u00dcber uns - Akademie f\u00fcr Myofasziale Medizin\",\"isPartOf\":{\"@id\":\"http:\/\/www.akademie-myofasziale-medizin.de\/#website\"},\"datePublished\":\"2019-02-24T23:28:41+00:00\",\"dateModified\":\"2021-05-17T08:48:16+00:00\",\"description\":\"Akademie f\u00fcr Myofasziale Medizin %\",\"breadcrumb\":{\"@id\":\"http:\/\/www.akademie-myofasziale-medizin.de\/#breadcrumb\"},\"inLanguage\":\"de\",\"potentialAction\":[{\"@type\":\"ReadAction\",\"target\":[\"http:\/\/www.akademie-myofasziale-medizin.de\/\"]}]},{\"@type\":\"BreadcrumbList\",\"@id\":\"http:\/\/www.akademie-myofasziale-medizin.de\/#breadcrumb\",\"itemListElement\":[{\"@type\":\"ListItem\",\"position\":1,\"name\":\"Startseite\",\"item\":\"http:\/\/www.akademie-myofasziale-medizin.de\/\"},{\"@type\":\"ListItem\",\"position\":2,\"name\":\"\u00dcber uns\"}]},{\"@type\":\"WebSite\",\"@id\":\"http:\/\/www.akademie-myofasziale-medizin.de\/#website\",\"url\":\"http:\/\/www.akademie-myofasziale-medizin.de\/\",\"name\":\"Akademie f\u00fcr Myofasziale Medizin\",\"description\":\"Muskeln und Faszien behandeln lernen\",\"potentialAction\":[{\"@type\":\"SearchAction\",\"target\":{\"@type\":\"EntryPoint\",\"urlTemplate\":\"http:\/\/www.akademie-myofasziale-medizin.de\/?s={search_term_string}\"},\"query-input\":{\"@type\":\"PropertyValueSpecification\",\"valueRequired\":true,\"valueName\":\"search_term_string\"}}],\"inLanguage\":\"de\"}]}<\/script>\n<!-- \/ Yoast SEO plugin. -->","yoast_head_json":{"title":"\u00dcber uns - Akademie f\u00fcr Myofasziale Medizin","description":"Akademie f\u00fcr Myofasziale Medizin %","robots":{"index":"index","follow":"follow","max-snippet":"max-snippet:-1","max-image-preview":"max-image-preview:large","max-video-preview":"max-video-preview:-1"},"canonical":"http:\/\/www.akademie-myofasziale-medizin.de\/","og_locale":"de_DE","og_type":"article","og_title":"\u00dcber uns - Akademie f\u00fcr Myofasziale Medizin","og_description":"Akademie f\u00fcr Myofasziale Medizin %","og_url":"http:\/\/www.akademie-myofasziale-medizin.de\/","og_site_name":"Akademie f\u00fcr Myofasziale Medizin","article_modified_time":"2021-05-17T08:48:16+00:00","twitter_card":"summary_large_image","schema":{"@context":"https:\/\/schema.org","@graph":[{"@type":"WebPage","@id":"http:\/\/www.akademie-myofasziale-medizin.de\/","url":"http:\/\/www.akademie-myofasziale-medizin.de\/","name":"\u00dcber uns - Akademie f\u00fcr Myofasziale Medizin","isPartOf":{"@id":"http:\/\/www.akademie-myofasziale-medizin.de\/#website"},"datePublished":"2019-02-24T23:28:41+00:00","dateModified":"2021-05-17T08:48:16+00:00","description":"Akademie f\u00fcr Myofasziale Medizin %","breadcrumb":{"@id":"http:\/\/www.akademie-myofasziale-medizin.de\/#breadcrumb"},"inLanguage":"de","potentialAction":[{"@type":"ReadAction","target":["http:\/\/www.akademie-myofasziale-medizin.de\/"]}]},{"@type":"BreadcrumbList","@id":"http:\/\/www.akademie-myofasziale-medizin.de\/#breadcrumb","itemListElement":[{"@type":"ListItem","position":1,"name":"Startseite","item":"http:\/\/www.akademie-myofasziale-medizin.de\/"},{"@type":"ListItem","position":2,"name":"\u00dcber uns"}]},{"@type":"WebSite","@id":"http:\/\/www.akademie-myofasziale-medizin.de\/#website","url":"http:\/\/www.akademie-myofasziale-medizin.de\/","name":"Akademie f\u00fcr Myofasziale Medizin","description":"Muskeln und Faszien behandeln lernen","potentialAction":[{"@type":"SearchAction","target":{"@type":"EntryPoint","urlTemplate":"http:\/\/www.akademie-myofasziale-medizin.de\/?s={search_term_string}"},"query-input":{"@type":"PropertyValueSpecification","valueRequired":true,"valueName":"search_term_string"}}],"inLanguage":"de"}]}},"_links":{"self":[{"href":"http:\/\/www.akademie-myofasziale-medizin.de\/index.php?rest_route=\/wp\/v2\/pages\/10"}],"collection":[{"href":"http:\/\/www.akademie-myofasziale-medizin.de\/index.php?rest_route=\/wp\/v2\/pages"}],"about":[{"href":"http:\/\/www.akademie-myofasziale-medizin.de\/index.php?rest_route=\/wp\/v2\/types\/page"}],"author":[{"embeddable":true,"href":"http:\/\/www.akademie-myofasziale-medizin.de\/index.php?rest_route=\/wp\/v2\/users\/1"}],"replies":[{"embeddable":true,"href":"http:\/\/www.akademie-myofasziale-medizin.de\/index.php?rest_route=%2Fwp%2Fv2%2Fcomments&post=10"}],"version-history":[{"count":12,"href":"http:\/\/www.akademie-myofasziale-medizin.de\/index.php?rest_route=\/wp\/v2\/pages\/10\/revisions"}],"predecessor-version":[{"id":366,"href":"http:\/\/www.akademie-myofasziale-medizin.de\/index.php?rest_route=\/wp\/v2\/pages\/10\/revisions\/366"}],"wp:attachment":[{"href":"http:\/\/www.akademie-myofasziale-medizin.de\/index.php?rest_route=%2Fwp%2Fv2%2Fmedia&parent=10"}],"curies":[{"name":"wp","href":"https:\/\/api.w.org\/{rel}","templated":true}]}}